{"id":2,"date":"2016-11-23T20:54:31","date_gmt":"2016-11-23T20:54:31","guid":{"rendered":"http:\/\/sociovet.sites.uff.br\/?page_id=2"},"modified":"2020-05-21T21:04:04","modified_gmt":"2020-05-21T21:04:04","slug":"pagina-exemplo","status":"publish","type":"page","link":"http:\/\/sociovet.sites.uff.br\/?page_id=2","title":{"rendered":"Grupo de Estudos"},"content":{"rendered":"<h3><img loading=\"lazy\" decoding=\"async\" class=\"aligncenter\" src=\"https:\/\/scontent.fsdu15-1.fna.fbcdn.net\/v\/t1.0-9\/94878468_2909105615847895_4252736476011298816_n.jpg?_nc_cat=105&amp;_nc_sid=1480c5&amp;_nc_eui2=AeH7M7iYB5ZDmLULFeeyvlvhhxCVCpFGOsCHEJUKkUY6wDBeMg-gVKzn23akWnXIFX-G_nDzFbJd2s7s3HP6fKWd&amp;_nc_ohc=kU2N1bg0QOEAX-jUbby&amp;_nc_ht=scontent.fsdu15-1.fna&amp;oh=96a439e919c2c97ffeada41d5de98020&amp;oe=5EE1FF8A\" alt=\"A imagem pode conter: texto\" width=\"479\" height=\"479\" \/><\/h3>\n<h3 style=\"text-align: center\"><strong>Pr\u00f3ximos temas e datas<\/strong><\/h3>\n<div dir=\"auto\"><strong>26\/05\/20 \u00e0s 14 horas<\/strong> &#8211; Regimes Alimentares<\/div>\n<div>link:<\/div>\n<div>Texto: a definir<\/div>\n<div><\/div>\n<div>\n<div dir=\"auto\"><strong>02\/06\/20 \u00e0s 14 horas<\/strong> &#8211; <span class=\"il\">Grupo<\/span>\u00a0de\u00a0<span class=\"il\">Estudos<\/span>: Agricultura natural<\/div>\n<div>link:\u00a0<a href=\"https:\/\/meet.google.com\/ges-sioe-yok?hs=122\" target=\"_blank\" rel=\"noreferrer noopener\" data-saferedirecturl=\"https:\/\/www.google.com\/url?q=https:\/\/meet.google.com\/ges-sioe-yok?hs%3D122&amp;source=gmail&amp;ust=1589383960182000&amp;usg=AFQjCNG0mnErxqH-I6k76RBB7oaAD_Woag\">meet.google.com\/ges-sioe-yok<\/a><\/div>\n<div>Texto: Agricultura Natural trecho tese Dematt\u00ea [ddownload id=&#8221;15275&#8243;]<\/div>\n<\/div>\n<div><\/div>\n<div>\n<div><strong>09\/06\/20 \u00e0s 14 horas<\/strong>&#8211; <span class=\"il\">Grupo<\/span>\u00a0de\u00a0<span class=\"il\">Estudos<\/span>: Agricultura Natural e os Produtores<\/div>\n<div>Texto: Agricultura Natural e os produtores [ddownload id=&#8221;15274&#8243;]<\/div>\n<div>link:\u00a0<a href=\"https:\/\/meet.google.com\/vym-fnoj-ivk?hs=122\" target=\"_blank\" rel=\"noreferrer noopener\" data-saferedirecturl=\"https:\/\/www.google.com\/url?q=https:\/\/meet.google.com\/vym-fnoj-ivk?hs%3D122&amp;source=gmail&amp;ust=1589383960182000&amp;usg=AFQjCNEye_ylmhMmzvddvJRWZQQYpwyy9A\">meet.google.com\/vym-fnoj-ivk<\/a><\/div>\n<\/div>\n<div><\/div>\n<div><strong>16\/06\/20 \u00e0s 14 horas<\/strong> &#8211; Agricultura Urbana<\/div>\n<div>Convidado: Jefferson Mota &#8211; Agr\u00f4nomo Urbano<\/div>\n<div>Link: https:\/\/meet.google.com\/skc-szbo-ohu<\/div>\n<div><\/div>\n<div><\/div>\n<h3 style=\"text-align: center\"><strong>Estudos Realizados j\u00e1 estudados<\/strong><\/h3>\n<div dir=\"auto\"><strong>19\/05\/20 \u00e0s 14 horas<\/strong>&#8211; <span class=\"il\">Grupo<\/span>\u00a0de\u00a0<span class=\"il\">Estudos<\/span>: Cesta org\u00e2nica, CSA e COVID 19.<\/div>\n<div>Texto: CSA e feiras [ddownload id=&#8221;15272&#8243;]<\/div>\n<div><a href=\"https:\/\/globoplay.globo.com\/v\/8199151\/?fbclid=IwAR2BY3HpSKnmEyY0HT7bY-ZZvBXvgAOv--cXfYpPQSB4HX329x0DMQInvxE\">V\u00eddeo sobre CSA<\/a><\/div>\n<div><a href=\"https:\/\/web.facebook.com\/Pertim.org\/videos\/632245860836594\/?t=51\">V\u00eddeo Pertim\/Cestas Robin Hood<\/a><\/div>\n<div><a href=\"https:\/\/www.uol.com.br\/ecoa\/ultimas-noticias\/2020\/03\/29\/acoes-conectam-feirantes-e-pequenos-produtores-a-clientes-no-isolamento.htm?cmpid=copiaecola&amp;fbclid=IwAR0UE8hy3gf3lAxG3ajOZ1AZOphvzaQjNDx-Gyls_h42TNVXoKVtEFPU7IQ\">Reportagem sobre a venda de org\u00e2nicos durante a crise<\/a><\/div>\n<div><a href=\"http:\/\/www.in.gov.br\/web\/dou\/-\/resolucao-n-2-de-9-de-abril-de-2020-252085843\">Resolu\u00e7\u00e3o sobre o Programa Nacional de Alimenta\u00e7\u00e3o Escolar (PNAE) durante a Pandemia de COVID<\/a><\/div>\n<div><a href=\"http:\/\/www.fao.org\/2019-ncov\/q-and-a\/impact-on-food-and-agriculture\/en\/\">FAO sobre impacto do COVID na Agricultura<\/a> (em ingl\u00eas)<\/div>\n<div><\/div>\n<div>05\/05\/2020 \u00e0s 14 horas &#8211; Seguran\u00e7a Alimentar, Soberania Alimentar e pol\u00edticas p\u00fablicas.<\/div>\n<div><\/div>\n<div>28\/04\/2020 \u00e0s 14 horas &#8211; Permacultura: o que e por qu\u00ea?<\/div>\n<div>Por videoconfer\u00eancia com o Professor Arthur Nanni (Neperma\/UFSC)<\/div>\n<p style=\"text-align: center\"><a href=\"http:\/\/www.planalto.gov.br\/ccivil_03\/leis\/2003\/l10.831.htm\">Lei 10831\/2003 &#8211;<\/a> Disp\u00f5e sobre a agricultura org\u00e2nica e d\u00e1 outras provid\u00eancias.<\/p>\n<p style=\"text-align: center\"><a href=\"http:\/\/www.planalto.gov.br\/ccivil_03\/_ato2007-2010\/2007\/decreto\/d6323.htm\">Decreto 6323\/2007<\/a> &#8211; Regulamenta a Lei no 10.831, de 23 de dezembro de 2003, que disp\u00f5e sobre a agricultura org\u00e2nica, e d\u00e1 outras provid\u00eancias.<\/p>\n<p style=\"text-align: center\">IN 46\/2011 [ddownload id=&#8221;1494&#8243;]<\/p>\n<p style=\"text-align: center\">Sambuichi, R. H. R. et al. (org.)A pol\u00edtica nacional de agroecologia e <a href=\"https:\/\/writemyessay4me.org\/\">produ\u00e7\u00e3o<\/a> org\u00e2nica no Brasil : uma trajet\u00f3ria de luta pelo desenvolvimento rural sustent\u00e1vel. Bras\u00edlia :Ipea, 2017. 463 p. [ddownload id=&#8221;632&#8243;]<\/p>\n<p style=\"text-align: center\">Movimento Agroecol\u00f3gico: trajet\u00f3ria, contradi\u00e7\u00f5es e perspectivas<\/p>\n","protected":false},"excerpt":{"rendered":"<p>Pr\u00f3ximos temas e datas 26\/05\/20 \u00e0s 14 horas &#8211; Regimes Alimentares link: Texto: a definir 02\/06\/20 \u00e0s 14 horas &#8211; Grupo\u00a0de\u00a0Estudos: Agricultura natural link:\u00a0meet.google.com\/ges-sioe-yok Texto: Agricultura Natural trecho tese Dematt\u00ea [ddownload id=&#8221;15275&#8243;] 09\/06\/20 \u00e0s 14 horas&#8211; Grupo\u00a0de\u00a0Estudos: Agricultura Natural e os Produtores Texto: Agricultura Natural e os produtores [ddownload id=&#8221;15274&#8243;] link:\u00a0meet.google.com\/vym-fnoj-ivk 16\/06\/20 \u00e0s 14 horas [&hellip;]<\/p>\n","protected":false},"author":1,"featured_media":0,"parent":0,"menu_order":0,"comment_status":"open","ping_status":"open","template":"","meta":{"_exactmetrics_skip_tracking":false,"_exactmetrics_sitenote_active":false,"_exactmetrics_sitenote_note":"","_exactmetrics_sitenote_category":0,"footnotes":""},"categories":[],"tags":[],"class_list":["post-2","page","type-page","status-publish","hentry"],"_links":{"self":[{"href":"http:\/\/sociovet.sites.uff.br\/index.php?rest_route=\/wp\/v2\/pages\/2","targetHints":{"allow":["GET"]}}],"collection":[{"href":"http:\/\/sociovet.sites.uff.br\/index.php?rest_route=\/wp\/v2\/pages"}],"about":[{"href":"http:\/\/sociovet.sites.uff.br\/index.php?rest_route=\/wp\/v2\/types\/page"}],"author":[{"embeddable":true,"href":"http:\/\/sociovet.sites.uff.br\/index.php?rest_route=\/wp\/v2\/users\/1"}],"replies":[{"embeddable":true,"href":"http:\/\/sociovet.sites.uff.br\/index.php?rest_route=%2Fwp%2Fv2%2Fcomments&post=2"}],"version-history":[{"count":24,"href":"http:\/\/sociovet.sites.uff.br\/index.php?rest_route=\/wp\/v2\/pages\/2\/revisions"}],"predecessor-version":[{"id":15314,"href":"http:\/\/sociovet.sites.uff.br\/index.php?rest_route=\/wp\/v2\/pages\/2\/revisions\/15314"}],"wp:attachment":[{"href":"http:\/\/sociovet.sites.uff.br\/index.php?rest_route=%2Fwp%2Fv2%2Fmedia&parent=2"}],"wp:term":[{"taxonomy":"category","embeddable":true,"href":"http:\/\/sociovet.sites.uff.br\/index.php?rest_route=%2Fwp%2Fv2%2Fcategories&post=2"},{"taxonomy":"post_tag","embeddable":true,"href":"http:\/\/sociovet.sites.uff.br\/index.php?rest_route=%2Fwp%2Fv2%2Ftags&post=2"}],"curies":[{"name":"wp","href":"https:\/\/api.w.org\/{rel}","templated":true}]}}

<h3><img loading="lazy" decoding="async" class="aligncenter" src="https://scontent.fsdu15-1.fna.fbcdn.net/v/t1.0-9/94878468_2909105615847895_4252736476011298816_n.jpg?_nc_cat=105&amp;_nc_sid=1480c5&amp;_nc_eui2=AeH7M7iYB5ZDmLULFeeyvlvhhxCVCpFGOsCHEJUKkUY6wDBeMg-gVKzn23akWnXIFX-G_nDzFbJd2s7s3HP6fKWd&amp;_nc_ohc=kU2N1bg0QOEAX-jUbby&amp;_nc_ht=scontent.fsdu15-1.fna&amp;oh=96a439e919c2c97ffeada41d5de98020&amp;oe=5EE1FF8A" alt="A imagem pode conter: texto" width="479" height="479" /></h3>
<h3 style="text-align: center"><strong>Próximos temas e datas</strong></h3>
<div dir="auto"><strong>26/05/20 às 14 horas</strong> &#8211; Regimes Alimentares</div>
<div>link:</div>
<div>Texto: a definir</div>
<div></div>
<div>
<div dir="auto"><strong>02/06/20 às 14 horas</strong> &#8211; <span class="il">Grupo</span> de <span class="il">Estudos</span>: Agricultura natural</div>
<div>link: <a href="https://meet.google.com/ges-sioe-yok?hs=122" target="_blank" rel="noreferrer noopener" data-saferedirecturl="https://www.google.com/url?q=https://meet.google.com/ges-sioe-yok?hs%3D122&amp;source=gmail&amp;ust=1589383960182000&amp;usg=AFQjCNG0mnErxqH-I6k76RBB7oaAD_Woag">meet.google.com/ges-sioe-yok</a></div>
<div>Texto: Agricultura Natural trecho tese Demattê [ddownload id=&#8221;15275&#8243;]</div>
</div>
<div></div>
<div>
<div><strong>09/06/20 às 14 horas</strong>&#8211; <span class="il">Grupo</span> de <span class="il">Estudos</span>: Agricultura Natural e os Produtores</div>
<div>Texto: Agricultura Natural e os produtores [ddownload id=&#8221;15274&#8243;]</div>
<div>link: <a href="https://meet.google.com/vym-fnoj-ivk?hs=122" target="_blank" rel="noreferrer noopener" data-saferedirecturl="https://www.google.com/url?q=https://meet.google.com/vym-fnoj-ivk?hs%3D122&amp;source=gmail&amp;ust=1589383960182000&amp;usg=AFQjCNEye_ylmhMmzvddvJRWZQQYpwyy9A">meet.google.com/vym-fnoj-ivk</a></div>
</div>
<div></div>
<div><strong>16/06/20 às 14 horas</strong> &#8211; Agricultura Urbana</div>
<div>Convidado: Jefferson Mota &#8211; Agrônomo Urbano</div>
<div>Link: https://meet.google.com/skc-szbo-ohu</div>
<div></div>
<div></div>
<h3 style="text-align: center"><strong>Estudos Realizados já estudados</strong></h3>
<div dir="auto"><strong>19/05/20 às 14 horas</strong>&#8211; <span class="il">Grupo</span> de <span class="il">Estudos</span>: Cesta orgânica, CSA e COVID 19.</div>
<div>Texto: CSA e feiras [ddownload id=&#8221;15272&#8243;]</div>
<div><a href="https://globoplay.globo.com/v/8199151/?fbclid=IwAR2BY3HpSKnmEyY0HT7bY-ZZvBXvgAOv--cXfYpPQSB4HX329x0DMQInvxE">Vídeo sobre CSA</a></div>
<div><a href="https://web.facebook.com/Pertim.org/videos/632245860836594/?t=51">Vídeo Pertim/Cestas Robin Hood</a></div>
<div><a href="https://www.uol.com.br/ecoa/ultimas-noticias/2020/03/29/acoes-conectam-feirantes-e-pequenos-produtores-a-clientes-no-isolamento.htm?cmpid=copiaecola&amp;fbclid=IwAR0UE8hy3gf3lAxG3ajOZ1AZOphvzaQjNDx-Gyls_h42TNVXoKVtEFPU7IQ">Reportagem sobre a venda de orgânicos durante a crise</a></div>
<div><a href="http://www.in.gov.br/web/dou/-/resolucao-n-2-de-9-de-abril-de-2020-252085843">Resolução sobre o Programa Nacional de Alimentação Escolar (PNAE) durante a Pandemia de COVID</a></div>
<div><a href="http://www.fao.org/2019-ncov/q-and-a/impact-on-food-and-agriculture/en/">FAO sobre impacto do COVID na Agricultura</a> (em inglês)</div>
<div></div>
<div>05/05/2020 às 14 horas &#8211; Segurança Alimentar, Soberania Alimentar e políticas públicas.</div>
<div></div>
<div>28/04/2020 às 14 horas &#8211; Permacultura: o que e por quê?</div>
<div>Por videoconferência com o Professor Arthur Nanni (Neperma/UFSC)</div>
<p style="text-align: center"><a href="http://www.planalto.gov.br/ccivil_03/leis/2003/l10.831.htm">Lei 10831/2003 &#8211;</a> Dispõe sobre a agricultura orgânica e dá outras providências.</p>
<p style="text-align: center"><a href="http://www.planalto.gov.br/ccivil_03/_ato2007-2010/2007/decreto/d6323.htm">Decreto 6323/2007</a> &#8211; Regulamenta a Lei no 10.831, de 23 de dezembro de 2003, que dispõe sobre a agricultura orgânica, e dá outras providências.</p>
<p style="text-align: center">IN 46/2011 [ddownload id=&#8221;1494&#8243;]</p>
<p style="text-align: center">Sambuichi, R. H. R. et al. (org.)A política nacional de agroecologia e <a href="https://writemyessay4me.org/">produção</a> orgânica no Brasil : uma trajetória de luta pelo desenvolvimento rural sustentável. Brasília :Ipea, 2017. 463 p. [ddownload id=&#8221;632&#8243;]</p>
<p style="text-align: center">Movimento Agroecológico: trajetória, contradições e perspectivas</p>

<p>Próximos temas e datas 26/05/20 às 14 horas &#8211; Regimes Alimentares link: Texto: a definir 02/06/20 às 14 horas &#8211; Grupo de Estudos: Agricultura natural link: meet.google.com/ges-sioe-yok Texto: Agricultura Natural trecho tese Demattê [ddownload id=&#8221;15275&#8243;] 09/06/20 às 14 horas&#8211; Grupo de Estudos: Agricultura Natural e os Produtores Texto: Agricultura Natural e os produtores [ddownload id=&#8221;15274&#8243;] link: meet.google.com/vym-fnoj-ivk 16/06/20 às 14 horas [&hellip;]</p>
