{"id":190,"date":"2015-11-16T16:17:43","date_gmt":"2015-11-16T16:17:43","guid":{"rendered":"http:\/\/www.operacaophp.uff.br\/wordpress\/?page_id=2"},"modified":"2020-09-29T12:17:05","modified_gmt":"2020-09-29T12:17:05","slug":"apresentacao","status":"publish","type":"page","link":"http:\/\/sociovet.sites.uff.br\/","title":{"rendered":"Apresenta\u00e7\u00e3o"},"content":{"rendered":"<p>O Laborat\u00f3rio Sociedade e Medicina Veterin\u00e1ria surgiu do desejo de unir v\u00e1rias \u00e1reas j\u00e1 existentes e outras que se iniciaram em 2016 com o objetivo de trabalhar com todas as quest\u00f5es de interface entre a Medicina Veterin\u00e1ria e a Sociedade, principalmente o desenvolvimento da agropecu\u00e1ria fluminense, a educa\u00e7\u00e3o em Medicina Veterin\u00e1ria e a rela\u00e7\u00e3o entre homem e os animais dom\u00e9sticos.<\/p>\n<p>Esse programa \u00e9 fundamental para a forma\u00e7\u00e3o de um profissional m\u00e9dico veterin\u00e1rio humanista e com profundo senso de responsabilidade social. Seu funcionamento permitir\u00e1 o assessoramento e a educa\u00e7\u00e3o continuada e, ao mesmo tempo, integrar as atividades de ensino, pesquisa e extens\u00e3o associadas aos problemas reais vivenciados por seu p\u00fablico alvo. Al\u00e9m disso, vai consolidar e divulgar, pela internet, informa\u00e7\u00f5es relacionadas \u00e0s quest\u00f5es destacadas . Trata-se, ent\u00e3o, de um programa de alta capilaridade e de inclus\u00e3o de cidad\u00e3os isolados geograficamente. Dessa forma, pretendemos identificar os pontos em que h\u00e1 maior car\u00eancia da dados e produzi-los ou divulg\u00e1-los, possibilitando o desenvolvimento rural fluminense e a melhoria da educa\u00e7\u00e3?o em Medicina Veterin\u00e1ria.<\/p>\n","protected":false},"excerpt":{"rendered":"<p>O Laborat\u00f3rio Sociedade e Medicina Veterin\u00e1ria surgiu do desejo de unir v\u00e1rias \u00e1reas j\u00e1 existentes e outras que se iniciaram em 2016 com o objetivo de trabalhar com todas as quest\u00f5es de interface entre a Medicina Veterin\u00e1ria e a Sociedade, principalmente o desenvolvimento da agropecu\u00e1ria fluminense, a educa\u00e7\u00e3o em Medicina Veterin\u00e1ria e a rela\u00e7\u00e3o entre [&hellip;]<\/p>\n","protected":false},"author":11,"featured_media":0,"parent":0,"menu_order":0,"comment_status":"open","ping_status":"open","template":"","meta":{"_exactmetrics_skip_tracking":false,"_exactmetrics_sitenote_active":false,"_exactmetrics_sitenote_note":"","_exactmetrics_sitenote_category":0,"footnotes":""},"categories":[],"tags":[],"class_list":["post-190","page","type-page","status-publish","hentry"],"_links":{"self":[{"href":"http:\/\/sociovet.sites.uff.br\/index.php?rest_route=\/wp\/v2\/pages\/190","targetHints":{"allow":["GET"]}}],"collection":[{"href":"http:\/\/sociovet.sites.uff.br\/index.php?rest_route=\/wp\/v2\/pages"}],"about":[{"href":"http:\/\/sociovet.sites.uff.br\/index.php?rest_route=\/wp\/v2\/types\/page"}],"author":[{"embeddable":true,"href":"http:\/\/sociovet.sites.uff.br\/index.php?rest_route=\/wp\/v2\/users\/11"}],"replies":[{"embeddable":true,"href":"http:\/\/sociovet.sites.uff.br\/index.php?rest_route=%2Fwp%2Fv2%2Fcomments&post=190"}],"version-history":[{"count":9,"href":"http:\/\/sociovet.sites.uff.br\/index.php?rest_route=\/wp\/v2\/pages\/190\/revisions"}],"predecessor-version":[{"id":15383,"href":"http:\/\/sociovet.sites.uff.br\/index.php?rest_route=\/wp\/v2\/pages\/190\/revisions\/15383"}],"wp:attachment":[{"href":"http:\/\/sociovet.sites.uff.br\/index.php?rest_route=%2Fwp%2Fv2%2Fmedia&parent=190"}],"wp:term":[{"taxonomy":"category","embeddable":true,"href":"http:\/\/sociovet.sites.uff.br\/index.php?rest_route=%2Fwp%2Fv2%2Fcategories&post=190"},{"taxonomy":"post_tag","embeddable":true,"href":"http:\/\/sociovet.sites.uff.br\/index.php?rest_route=%2Fwp%2Fv2%2Ftags&post=190"}],"curies":[{"name":"wp","href":"https:\/\/api.w.org\/{rel}","templated":true}]}}

Apresentação

<p>O Laboratório Sociedade e Medicina Veterinária surgiu do desejo de unir várias áreas já existentes e outras que se iniciaram em 2016 com o objetivo de trabalhar com todas as questões de interface entre a Medicina Veterinária e a Sociedade, principalmente o desenvolvimento da agropecuária fluminense, a educação em Medicina Veterinária e a relação entre homem e os animais domésticos.</p>
<p>Esse programa é fundamental para a formação de um profissional médico veterinário humanista e com profundo senso de responsabilidade social. Seu funcionamento permitirá o assessoramento e a educação continuada e, ao mesmo tempo, integrar as atividades de ensino, pesquisa e extensão associadas aos problemas reais vivenciados por seu público alvo. Além disso, vai consolidar e divulgar, pela internet, informações relacionadas às questões destacadas . Trata-se, então, de um programa de alta capilaridade e de inclusão de cidadãos isolados geograficamente. Dessa forma, pretendemos identificar os pontos em que há maior carência da dados e produzi-los ou divulgá-los, possibilitando o desenvolvimento rural fluminense e a melhoria da educaçã?o em Medicina Veterinária.</p>

<p>O Laboratório Sociedade e Medicina Veterinária surgiu do desejo de unir várias áreas já existentes e outras que se iniciaram em 2016 com o objetivo de trabalhar com todas as questões de interface entre a Medicina Veterinária e a Sociedade, principalmente o desenvolvimento da agropecuária fluminense, a educação em Medicina Veterinária e a relação entre [&hellip;]</p>
