{"id":15698,"date":"2023-06-27T12:30:11","date_gmt":"2023-06-27T12:30:11","guid":{"rendered":"http:\/\/sociovet.sites.uff.br\/?page_id=15698"},"modified":"2023-12-05T12:43:40","modified_gmt":"2023-12-05T12:43:40","slug":"moldes-para-agro-florestinha","status":"publish","type":"page","link":"http:\/\/sociovet.sites.uff.br\/?page_id=15698","title":{"rendered":"Moldes para @Agro.florestinha"},"content":{"rendered":"\n<p>A Agroflorestinha \u00e9 um modelo did\u00e1tico para o ensino de modelos agroflorestais agroecol\u00f3gicos (SAFAs), criado pelo Agron\u00f4mo Jefferson Mota. O modelo \u00e9 registrado sob a licen\u00e7a Creative Commons, o que permite que qualquer pessoa monte o seu modelo para usos n\u00e3o-comerciais.<\/p>\n\n\n\n<p><img loading=\"lazy\" decoding=\"async\" width=\"188\" height=\"125\" src=\"https:\/\/lh7-us.googleusercontent.com\/p5baFxIJ251ehGbf7Hmm2u7B12f-di01dqDpIDC5F5MUJSYY0vNi-w3D18NbhO1MHx6saLS0DBAop6HUElEou8W_A5SeyS-jm_tHGIM-VHFhtwbf1ExpG2uQ5HvtgM8swJ66scfO7VQd\">     <img loading=\"lazy\" decoding=\"async\" width=\"191\" height=\"126\" src=\"https:\/\/lh7-us.googleusercontent.com\/GrrWDnGXXTLaJR9Ne56rnX3n5nGxTA7e7XZiwU-imu1R7QTXwK4jJeRqugC5MvRAP3GltBEHapQI9J0wdF1NOZc5jaPw0LkJNUvdiGTaUCq9809dgZl3kUI8ENoZ6n9eyENH-LSTCCDY\"><\/p>\n\n\n\n<p>O modelo tem sido usado nas aulas sobre o tema da disciplina de Agroecologia e Produ\u00e7\u00e3o Org\u00e2nica de Alimentos e a experi\u00eancia foi apresentada e discutida no XII Congresso Brasileiro de Agroecologia.<\/p>\n\n\n\n<p><\/p>\n\n\n\n<p>Visando contribuir para a dissemina\u00e7\u00e3o das agroflorestinhas e dos SAFAs, elaboramos moldes para a montagem de algumas esp\u00e9cies bastante usadas nos SAFAs da Mata Atl\u00e2ntica. S\u00e3o elas: abacaxi, taioba\/inhame, milho, bananeiras, jussara ou a\u00e7a\u00ed. Nossos modelos est\u00e3o dispon\u00edveis para download, juntamente com as instru\u00e7\u00f5es para montagem sob a mesma licen\u00e7a. A id\u00e9ia \u00e9 que outros n\u00facleos possam contribuir com a amplia\u00e7\u00e3o de moldes e esp\u00e9cies dispon\u00edveis.<\/p>\n\n\n\n<p><a href=\"http:\/\/sociovet.sites.uff.br\/wp-content\/uploads\/sites\/11\/2023\/12\/Todos-com-orientacoes.pdf\" target=\"_blank\" rel=\"noreferrer noopener\">Clique no aqui para fazer o download.<\/a><\/p>\n","protected":false},"excerpt":{"rendered":"<p>A Agroflorestinha \u00e9 um modelo did\u00e1tico para o ensino de modelos agroflorestais agroecol\u00f3gicos (SAFAs), criado pelo Agron\u00f4mo Jefferson Mota. O modelo \u00e9 registrado sob a licen\u00e7a Creative Commons, o que permite que qualquer pessoa monte o seu modelo para usos n\u00e3o-comerciais. O modelo tem sido usado nas aulas sobre o tema da disciplina de Agroecologia [&hellip;]<\/p>\n","protected":false},"author":11,"featured_media":0,"parent":0,"menu_order":0,"comment_status":"closed","ping_status":"closed","template":"","meta":{"_exactmetrics_skip_tracking":false,"_exactmetrics_sitenote_active":false,"_exactmetrics_sitenote_note":"","_exactmetrics_sitenote_category":0,"footnotes":""},"categories":[],"tags":[],"class_list":["post-15698","page","type-page","status-publish","hentry"],"_links":{"self":[{"href":"http:\/\/sociovet.sites.uff.br\/index.php?rest_route=\/wp\/v2\/pages\/15698","targetHints":{"allow":["GET"]}}],"collection":[{"href":"http:\/\/sociovet.sites.uff.br\/index.php?rest_route=\/wp\/v2\/pages"}],"about":[{"href":"http:\/\/sociovet.sites.uff.br\/index.php?rest_route=\/wp\/v2\/types\/page"}],"author":[{"embeddable":true,"href":"http:\/\/sociovet.sites.uff.br\/index.php?rest_route=\/wp\/v2\/users\/11"}],"replies":[{"embeddable":true,"href":"http:\/\/sociovet.sites.uff.br\/index.php?rest_route=%2Fwp%2Fv2%2Fcomments&post=15698"}],"version-history":[{"count":4,"href":"http:\/\/sociovet.sites.uff.br\/index.php?rest_route=\/wp\/v2\/pages\/15698\/revisions"}],"predecessor-version":[{"id":15731,"href":"http:\/\/sociovet.sites.uff.br\/index.php?rest_route=\/wp\/v2\/pages\/15698\/revisions\/15731"}],"wp:attachment":[{"href":"http:\/\/sociovet.sites.uff.br\/index.php?rest_route=%2Fwp%2Fv2%2Fmedia&parent=15698"}],"wp:term":[{"taxonomy":"category","embeddable":true,"href":"http:\/\/sociovet.sites.uff.br\/index.php?rest_route=%2Fwp%2Fv2%2Fcategories&post=15698"},{"taxonomy":"post_tag","embeddable":true,"href":"http:\/\/sociovet.sites.uff.br\/index.php?rest_route=%2Fwp%2Fv2%2Ftags&post=15698"}],"curies":[{"name":"wp","href":"https:\/\/api.w.org\/{rel}","templated":true}]}}

<p>A Agroflorestinha é um modelo didático para o ensino de modelos agroflorestais agroecológicos (SAFAs), criado pelo Agronômo Jefferson Mota. O modelo é registrado sob a licença Creative Commons, o que permite que qualquer pessoa monte o seu modelo para usos não-comerciais.</p>



<p><img loading="lazy" decoding="async" width="188" height="125" src="https://lh7-us.googleusercontent.com/p5baFxIJ251ehGbf7Hmm2u7B12f-di01dqDpIDC5F5MUJSYY0vNi-w3D18NbhO1MHx6saLS0DBAop6HUElEou8W_A5SeyS-jm_tHGIM-VHFhtwbf1ExpG2uQ5HvtgM8swJ66scfO7VQd">     <img loading="lazy" decoding="async" width="191" height="126" src="https://lh7-us.googleusercontent.com/GrrWDnGXXTLaJR9Ne56rnX3n5nGxTA7e7XZiwU-imu1R7QTXwK4jJeRqugC5MvRAP3GltBEHapQI9J0wdF1NOZc5jaPw0LkJNUvdiGTaUCq9809dgZl3kUI8ENoZ6n9eyENH-LSTCCDY"></p>



<p>O modelo tem sido usado nas aulas sobre o tema da disciplina de Agroecologia e Produção Orgânica de Alimentos e a experiência foi apresentada e discutida no XII Congresso Brasileiro de Agroecologia.</p>



<p></p>



<p>Visando contribuir para a disseminação das agroflorestinhas e dos SAFAs, elaboramos moldes para a montagem de algumas espécies bastante usadas nos SAFAs da Mata Atlântica. São elas: abacaxi, taioba/inhame, milho, bananeiras, jussara ou açaí. Nossos modelos estão disponíveis para download, juntamente com as instruções para montagem sob a mesma licença. A idéia é que outros núcleos possam contribuir com a ampliação de moldes e espécies disponíveis.</p>



<p><a href="http://sociovet.sites.uff.br/wp-content/uploads/sites/11/2023/12/Todos-com-orientacoes.pdf" target="_blank" rel="noreferrer noopener">Clique no aqui para fazer o download.</a></p>

<p>A Agroflorestinha é um modelo didático para o ensino de modelos agroflorestais agroecológicos (SAFAs), criado pelo Agronômo Jefferson Mota. O modelo é registrado sob a licença Creative Commons, o que permite que qualquer pessoa monte o seu modelo para usos não-comerciais. O modelo tem sido usado nas aulas sobre o tema da disciplina de Agroecologia [&hellip;]</p>
