{"id":15062,"date":"2019-03-21T17:39:57","date_gmt":"2019-03-21T17:39:57","guid":{"rendered":"http:\/\/sociovet.sites.uff.br\/?page_id=15062"},"modified":"2022-03-19T15:10:45","modified_gmt":"2022-03-19T15:10:45","slug":"propet-sustentabilidade-em-medicina-veterinaria","status":"publish","type":"page","link":"http:\/\/sociovet.sites.uff.br\/?page_id=15062","title":{"rendered":"PROPET Sustentabilidade em Medicina Veterin\u00e1ria"},"content":{"rendered":"<p><strong>O PROPET<\/strong><br \/>\nO PROPET Sustentabilidade em Medicina Veterin\u00e1ria faz parte do programa ProPET\/UFF, \u00e9 custeado por recursos disponibilizados pelo Plano de Desenvolvimento Institucional (PDI) e tem por objetivos:<br \/>\na) formar um grupo de estudos interdisciplinares para o curso de gradua\u00e7\u00e3o em medicina veterin\u00e1ria.<br \/>\nb) aumentar a qualidade e a quantidade de cidad\u00e3os formados que estejam preparados \u00e9tica e tecnicamente para os desafios da sociedade;<br \/>\nc) investigar e gerar publica\u00e7\u00f5es tratando das intera\u00e7\u00f5es do tema anual de estudo com a sa\u00fade p\u00fablica, a economia, a sociedade e o meio ambiente.<\/p>\n<p><strong>Objetivos espec\u00edficos deste PROPET<\/strong><\/p>\n<p>\u2756Manter o grupo de estudos interdisciplinares em Medicina Veterin\u00e1ria;<\/p>\n<p>\u2756Trabalhar com a comunidade para informar e conscientizar;<\/p>\n<p>\u2756Investigar e gerar publica\u00e7\u00f5es relacionando o eixo anual de estudo escolhido, com sa\u00fade p\u00fablica, economia, sociedade e meio ambiente;<\/p>\n<p>\u2756Realizar eventos ou cursos de extens\u00e3o com foco em divulgar o material produzido com informa\u00e7\u00f5es para comunidade.<\/p>\n<p><strong>Atividades Desenvolvidas<\/strong><\/p>\n<p>Campanhas Educativas nas Feiras de Ado\u00e7\u00e3o &#8220;Adotar \u00e9 o Bicho&#8221; no Campo de S\u00e3o Bento.<\/p>\n<p>Organiza\u00e7\u00e3o de eventos em parceria com institui\u00e7\u00f5es parceiras.<\/p>\n<p>Participa\u00e7\u00e3o em eventos da Faculdade de Veterin\u00e1ria.<\/p>\n<p>Participa\u00e7\u00e3o nas atividades da Rede de Agroecologia da UFF.<\/p>\n<p>Participa\u00e7\u00e3o em cursos e eventos relacionados aos temas anuais escolhidos.<\/p>\n<p>Grupo de Estudos em Agroecologia e Produ\u00e7\u00e3o de Alimentos Org\u00e2nicos.<\/p>\n<p>Pesquisas de acordo com os temas escolhidos.<\/p>\n<p><strong>Divulga\u00e7\u00e3o das atividades<\/strong><\/p>\n<p>Nossas atividades s\u00e3o divulgadas em nosso site: www.petveterinaria.uff.br e em nossa p\u00e1gina de <a href=\"https:\/\/www.facebook.com\/Propet-Sustentabilidade-em-Medicina-Veterin%C3%A1ria-1537289796494452\/\">Facebook <\/a>\u00a0e em nosso <a href=\"https:\/\/www.instagram.com\/propetvetuff\/\">Instagram<\/a> @propetvetuff<\/p>\n<p><strong>Sele\u00e7\u00e3o<\/strong><\/p>\n<p>Foi prorrogado o prazo de inscri\u00e7\u00f5es na a sele\u00e7\u00e3o para um bolsistas e at\u00e9 quatro n\u00e3o bolsistas para atuarem em 2022 no PROPET. Receberemos inscri\u00e7\u00f5es entre os dias 28\/03 e 13\/04. Todas as informa\u00e7\u00f5es est\u00e3o dispon\u00edveis no edital dispon\u00edvel em<a href=\"http:\/\/www.editais.uff.br\/7703\"> http:\/\/www.editais.uff.br\/7703<\/a><code><\/code><\/p>\n","protected":false},"excerpt":{"rendered":"<p>O PROPET O PROPET Sustentabilidade em Medicina Veterin\u00e1ria faz parte do programa ProPET\/UFF, \u00e9 custeado por recursos disponibilizados pelo Plano de Desenvolvimento Institucional (PDI) e tem por objetivos: a) formar um grupo de estudos interdisciplinares para o curso de gradua\u00e7\u00e3o em medicina veterin\u00e1ria. b) aumentar a qualidade e a quantidade de cidad\u00e3os formados que estejam [&hellip;]<\/p>\n","protected":false},"author":11,"featured_media":0,"parent":0,"menu_order":0,"comment_status":"closed","ping_status":"closed","template":"","meta":{"_exactmetrics_skip_tracking":false,"_exactmetrics_sitenote_active":false,"_exactmetrics_sitenote_note":"","_exactmetrics_sitenote_category":0,"footnotes":""},"categories":[],"tags":[],"class_list":["post-15062","page","type-page","status-publish","hentry"],"_links":{"self":[{"href":"http:\/\/sociovet.sites.uff.br\/index.php?rest_route=\/wp\/v2\/pages\/15062","targetHints":{"allow":["GET"]}}],"collection":[{"href":"http:\/\/sociovet.sites.uff.br\/index.php?rest_route=\/wp\/v2\/pages"}],"about":[{"href":"http:\/\/sociovet.sites.uff.br\/index.php?rest_route=\/wp\/v2\/types\/page"}],"author":[{"embeddable":true,"href":"http:\/\/sociovet.sites.uff.br\/index.php?rest_route=\/wp\/v2\/users\/11"}],"replies":[{"embeddable":true,"href":"http:\/\/sociovet.sites.uff.br\/index.php?rest_route=%2Fwp%2Fv2%2Fcomments&post=15062"}],"version-history":[{"count":7,"href":"http:\/\/sociovet.sites.uff.br\/index.php?rest_route=\/wp\/v2\/pages\/15062\/revisions"}],"predecessor-version":[{"id":15554,"href":"http:\/\/sociovet.sites.uff.br\/index.php?rest_route=\/wp\/v2\/pages\/15062\/revisions\/15554"}],"wp:attachment":[{"href":"http:\/\/sociovet.sites.uff.br\/index.php?rest_route=%2Fwp%2Fv2%2Fmedia&parent=15062"}],"wp:term":[{"taxonomy":"category","embeddable":true,"href":"http:\/\/sociovet.sites.uff.br\/index.php?rest_route=%2Fwp%2Fv2%2Fcategories&post=15062"},{"taxonomy":"post_tag","embeddable":true,"href":"http:\/\/sociovet.sites.uff.br\/index.php?rest_route=%2Fwp%2Fv2%2Ftags&post=15062"}],"curies":[{"name":"wp","href":"https:\/\/api.w.org\/{rel}","templated":true}]}}

PROPET Sustentabilidade em Medicina Veterinária

<p><strong>O PROPET</strong><br />
O PROPET Sustentabilidade em Medicina Veterinária faz parte do programa ProPET/UFF, é custeado por recursos disponibilizados pelo Plano de Desenvolvimento Institucional (PDI) e tem por objetivos:<br />
a) formar um grupo de estudos interdisciplinares para o curso de graduação em medicina veterinária.<br />
b) aumentar a qualidade e a quantidade de cidadãos formados que estejam preparados ética e tecnicamente para os desafios da sociedade;<br />
c) investigar e gerar publicações tratando das interações do tema anual de estudo com a saúde pública, a economia, a sociedade e o meio ambiente.</p>
<p><strong>Objetivos específicos deste PROPET</strong></p>
<p>❖Manter o grupo de estudos interdisciplinares em Medicina Veterinária;</p>
<p>❖Trabalhar com a comunidade para informar e conscientizar;</p>
<p>❖Investigar e gerar publicações relacionando o eixo anual de estudo escolhido, com saúde pública, economia, sociedade e meio ambiente;</p>
<p>❖Realizar eventos ou cursos de extensão com foco em divulgar o material produzido com informações para comunidade.</p>
<p><strong>Atividades Desenvolvidas</strong></p>
<p>Campanhas Educativas nas Feiras de Adoção &#8220;Adotar é o Bicho&#8221; no Campo de São Bento.</p>
<p>Organização de eventos em parceria com instituições parceiras.</p>
<p>Participação em eventos da Faculdade de Veterinária.</p>
<p>Participação nas atividades da Rede de Agroecologia da UFF.</p>
<p>Participação em cursos e eventos relacionados aos temas anuais escolhidos.</p>
<p>Grupo de Estudos em Agroecologia e Produção de Alimentos Orgânicos.</p>
<p>Pesquisas de acordo com os temas escolhidos.</p>
<p><strong>Divulgação das atividades</strong></p>
<p>Nossas atividades são divulgadas em nosso site: www.petveterinaria.uff.br e em nossa página de <a href="https://www.facebook.com/Propet-Sustentabilidade-em-Medicina-Veterin%C3%A1ria-1537289796494452/">Facebook </a> e em nosso <a href="https://www.instagram.com/propetvetuff/">Instagram</a> @propetvetuff</p>
<p><strong>Seleção</strong></p>
<p>Foi prorrogado o prazo de inscrições na a seleção para um bolsistas e até quatro não bolsistas para atuarem em 2022 no PROPET. Receberemos inscrições entre os dias 28/03 e 13/04. Todas as informações estão disponíveis no edital disponível em<a href="http://www.editais.uff.br/7703"> http://www.editais.uff.br/7703</a><code></code></p>

<p>O PROPET O PROPET Sustentabilidade em Medicina Veterinária faz parte do programa ProPET/UFF, é custeado por recursos disponibilizados pelo Plano de Desenvolvimento Institucional (PDI) e tem por objetivos: a) formar um grupo de estudos interdisciplinares para o curso de graduação em medicina veterinária. b) aumentar a qualidade e a quantidade de cidadãos formados que estejam [&hellip;]</p>
